{"id":84,"date":"2025-04-03T01:55:17","date_gmt":"2025-04-03T01:55:17","guid":{"rendered":"http:\/\/grupolindner.com.mx\/?page_id=84"},"modified":"2025-05-14T05:47:49","modified_gmt":"2025-05-14T05:47:49","slug":"contacto","status":"publish","type":"page","link":"http:\/\/grupolindner.com.mx\/?page_id=84","title":{"rendered":"Contacto"},"content":{"rendered":"<div id=\"contenedor\">\n<div>\n<form action=\"https:\/\/formsubmit.co\/itandmarketing@grupolindner.com.mx\" method=\"POST\">\n<div class=\"w3-section\">Nombre<br \/>\n<input class=\"w3-input w3-border\" name=\"Name\" required=\"\" type=\"text\" placeholder=\"Nombre\" \/><\/div>\n<div class=\"w3-section\">Correo Electr\u00f3nico<br \/>\n<input class=\"w3-input w3-border\" name=\"Email\" required=\"\" type=\"text\" placeholder=\"Correo Electr\u00f3nico\" \/><\/div>\n<div class=\"w3-section\">Tel\u00e9fono<br \/>\n<input class=\"w3-input w3-border\" name=\"Telefono\" required=\"\" type=\"text\" placeholder=\"Tel\u00e9fono\" \/><\/div>\n<div class=\"w3-section\">Empresa<br \/>\n<input class=\"w3-input w3-border\" name=\"Empresa\" required=\"\" type=\"text\" placeholder=\"Nombre de la empresa\" \/><\/div>\n<div class=\"w3-section\">Ciudad o ubicaci\u00f3n<br \/>\n<input class=\"w3-input w3-border\" name=\"Direcci\u00f3n\" required=\"\" type=\"text\" placeholder=\"Ciudad\" \/><\/div>\n<div class=\"w3-section\">\u00bfC\u00f3mo podemos ayudarte?<br \/>\n<textarea cols=\"30\" name=\"Mensaje\" required=\"\" rows=\"5\" placeholder=\"\u00bfC\u00f3mo podemos ayudarte?\"><\/textarea><\/div>\n<p><input class=\"btn\" type=\"submit\" value=\"Enviar\" \/><\/p>\n<\/form>\n<p><iframe style=\"border: 0;\" src=\"https:\/\/www.google.com\/maps\/embed?pb=!1m18!1m12!1m3!1d3764.7039398899014!2d-99.21030682774999!3d19.33864916777882!2m3!1f0!2f0!3f0!3m2!1i1024!2i768!4f13.1!3m3!1m2!1s0x85d2000b1e9cc02b%3A0x3032f7a5467bb673!2sGrupo%20Lindner%2C%20S.A.%20de%20C.V!5e0!3m2!1ses!2smx!4v1744087852735!5m2!1ses!2smx\" width=\"600\" height=\"450\" allowfullscreen=\"allowfullscreen\"><\/iframe>\n  <\/div>\n<div>\n    \u26b2 R\u00f3mulo O&#8217;Farril 434 &#8211; 54A, Olivar de los Padres, \u00c1lvaro Obreg\u00f3n, 01780 Ciudad de M\u00e9xico, CDMX. <\/p>\n<p> \ud83d\udd7b 55 5683 0314<\/p>\n<p> \u2709 itandmarketing@grupolindner.com.mx <\/p>\n<p> \u23f1 Lunes a viernes de 8:00 a 16:00<\/p>\n<\/p><\/div>\n<\/div>\n<p>No olvides llenar el formulario para poder contactarnos directamente en caso de necesitar una cotizaci\u00f3n.<\/p>\n","protected":false},"excerpt":{"rendered":"<p>Nombre Correo Electr\u00f3nico Tel\u00e9fono Empresa Ciudad o ubicaci\u00f3n \u00bfC\u00f3mo podemos ayudarte? \u26b2 R\u00f3mulo O&#8217;Farril 434 &#8211; 54A, Olivar de los Padres, \u00c1lvaro Obreg\u00f3n, 01780 Ciudad de M\u00e9xico, CDMX. \ud83d\udd7b 55 5683 0314 \u2709 itandmarketing@grupolindner.com.mx \u23f1 Lunes a viernes de 8:00 a 16:00 No olvides llenar el formulario para poder contactarnos directamente en caso de necesitar [&hellip;]<\/p>\n","protected":false},"author":1,"featured_media":0,"parent":0,"menu_order":0,"comment_status":"closed","ping_status":"closed","template":"","meta":{"_joinchat":[],"footnotes":""},"class_list":["post-84","page","type-page","status-publish","hentry"],"_links":{"self":[{"href":"http:\/\/grupolindner.com.mx\/index.php?rest_route=\/wp\/v2\/pages\/84","targetHints":{"allow":["GET"]}}],"collection":[{"href":"http:\/\/grupolindner.com.mx\/index.php?rest_route=\/wp\/v2\/pages"}],"about":[{"href":"http:\/\/grupolindner.com.mx\/index.php?rest_route=\/wp\/v2\/types\/page"}],"author":[{"embeddable":true,"href":"http:\/\/grupolindner.com.mx\/index.php?rest_route=\/wp\/v2\/users\/1"}],"replies":[{"embeddable":true,"href":"http:\/\/grupolindner.com.mx\/index.php?rest_route=%2Fwp%2Fv2%2Fcomments&post=84"}],"version-history":[{"count":30,"href":"http:\/\/grupolindner.com.mx\/index.php?rest_route=\/wp\/v2\/pages\/84\/revisions"}],"predecessor-version":[{"id":163,"href":"http:\/\/grupolindner.com.mx\/index.php?rest_route=\/wp\/v2\/pages\/84\/revisions\/163"}],"wp:attachment":[{"href":"http:\/\/grupolindner.com.mx\/index.php?rest_route=%2Fwp%2Fv2%2Fmedia&parent=84"}],"curies":[{"name":"wp","href":"https:\/\/api.w.org\/{rel}","templated":true}]}}