{"id":360,"date":"2025-12-16T23:27:32","date_gmt":"2025-12-16T23:27:32","guid":{"rendered":"http:\/\/grupolindner.com.mx\/?page_id=360"},"modified":"2025-12-24T06:56:36","modified_gmt":"2025-12-24T06:56:36","slug":"series-tub-gt","status":"publish","type":"page","link":"http:\/\/grupolindner.com.mx\/?page_id=360","title":{"rendered":"SERIES TUB GT"},"content":{"rendered":"\n<p class=\"has-text-align-center has-x-large-font-size\">SERIES TUB GT<\/p>\n\n\n\n<div class=\"wp-block-media-text is-stacked-on-mobile\"><figure class=\"wp-block-media-text__media\"><img fetchpriority=\"high\" decoding=\"async\" width=\"800\" height=\"800\" src=\"http:\/\/grupolindner.com.mx\/wp-content\/uploads\/2025\/12\/Series-tub-gt.jpg\" alt=\"\" class=\"wp-image-381 size-full\" srcset=\"http:\/\/grupolindner.com.mx\/wp-content\/uploads\/2025\/12\/Series-tub-gt.jpg 800w, http:\/\/grupolindner.com.mx\/wp-content\/uploads\/2025\/12\/Series-tub-gt-300x300.jpg 300w, http:\/\/grupolindner.com.mx\/wp-content\/uploads\/2025\/12\/Series-tub-gt-150x150.jpg 150w, http:\/\/grupolindner.com.mx\/wp-content\/uploads\/2025\/12\/Series-tub-gt-768x768.jpg 768w\" sizes=\"(max-width: 800px) 100vw, 800px\" \/><\/figure><div class=\"wp-block-media-text__content\">\n<p>Unidades de tina recta que permite el tratamiento de superficies en piezas de tama\u00f1os mayores que no se pueden tratar en unidades con configuraci\u00f3n redonda, desde monoblocks, heathers, cig\u00fce\u00f1ales, hasta partes de alas de avi\u00f3n. Tina segmentable a discreci\u00f3n.<\/p>\n\n\n\n<div class=\"wp-block-buttons is-layout-flex wp-block-buttons-is-layout-flex\">\n<div class=\"wp-block-button\"><a class=\"wp-block-button__link has-background wp-element-button\" style=\"background-color:#2b2d5e\">CONTACTO<\/a><\/div>\n<\/div>\n\n\n\n<figure class=\"wp-block-embed is-type-video is-provider-youtube wp-block-embed-youtube wp-embed-aspect-4-3 wp-has-aspect-ratio\"><div class=\"wp-block-embed__wrapper\">\n<iframe title=\"28 Giant Finishing - Giant Tub Series - Custom Vibratory Deburring Tub\" width=\"500\" height=\"375\" src=\"https:\/\/www.youtube.com\/embed\/DvECh0f6lEs?feature=oembed\" frameborder=\"0\" allow=\"accelerometer; autoplay; clipboard-write; encrypted-media; gyroscope; picture-in-picture; web-share\" referrerpolicy=\"strict-origin-when-cross-origin\" allowfullscreen><\/iframe>\n<\/div><\/figure>\n<\/div><\/div>\n\n\n\n<p class=\"has-text-color has-link-color wp-elements-75a38d9abd220c0c71b44c882ce8db0e\" style=\"color:#3a7799\"><em><a href=\"http:\/\/\u2022\thttps:\/\/www.giantfinishing.com\/pages\/vibratory-tubs-gt-series\">M\u00e1s informaci\u00f3n<\/a><\/em><\/p>\n\n\n\n<p><\/p>\n","protected":false},"excerpt":{"rendered":"<p>SERIES TUB GT M\u00e1s informaci\u00f3n<\/p>\n","protected":false},"author":1,"featured_media":0,"parent":0,"menu_order":0,"comment_status":"closed","ping_status":"closed","template":"","meta":{"_joinchat":[],"footnotes":""},"class_list":["post-360","page","type-page","status-publish","hentry"],"_links":{"self":[{"href":"http:\/\/grupolindner.com.mx\/index.php?rest_route=\/wp\/v2\/pages\/360","targetHints":{"allow":["GET"]}}],"collection":[{"href":"http:\/\/grupolindner.com.mx\/index.php?rest_route=\/wp\/v2\/pages"}],"about":[{"href":"http:\/\/grupolindner.com.mx\/index.php?rest_route=\/wp\/v2\/types\/page"}],"author":[{"embeddable":true,"href":"http:\/\/grupolindner.com.mx\/index.php?rest_route=\/wp\/v2\/users\/1"}],"replies":[{"embeddable":true,"href":"http:\/\/grupolindner.com.mx\/index.php?rest_route=%2Fwp%2Fv2%2Fcomments&post=360"}],"version-history":[{"count":3,"href":"http:\/\/grupolindner.com.mx\/index.php?rest_route=\/wp\/v2\/pages\/360\/revisions"}],"predecessor-version":[{"id":382,"href":"http:\/\/grupolindner.com.mx\/index.php?rest_route=\/wp\/v2\/pages\/360\/revisions\/382"}],"wp:attachment":[{"href":"http:\/\/grupolindner.com.mx\/index.php?rest_route=%2Fwp%2Fv2%2Fmedia&parent=360"}],"curies":[{"name":"wp","href":"https:\/\/api.w.org\/{rel}","templated":true}]}}