{"id":171,"date":"2025-05-14T06:22:14","date_gmt":"2025-05-14T06:22:14","guid":{"rendered":"http:\/\/grupolindner.com.mx\/?page_id=171"},"modified":"2025-07-05T00:39:48","modified_gmt":"2025-07-05T00:39:48","slug":"medias-para-procesos-vibratorios-y-centrifugos","status":"publish","type":"page","link":"http:\/\/grupolindner.com.mx\/?page_id=171","title":{"rendered":"Medias para procesos vibratorios y centr\u00edfugos"},"content":{"rendered":"\n<figure class=\"wp-block-gallery has-nested-images columns-default is-cropped wp-block-gallery-1 is-layout-flex wp-block-gallery-is-layout-flex\">\n<figure class=\"wp-block-image size-large\"><img fetchpriority=\"high\" decoding=\"async\" width=\"1024\" height=\"768\" data-id=\"191\" src=\"http:\/\/grupolindner.com.mx\/wp-content\/uploads\/2025\/06\/C1-1024x768.jpg\" alt=\"\" class=\"wp-image-191\" srcset=\"http:\/\/grupolindner.com.mx\/wp-content\/uploads\/2025\/06\/C1-1024x768.jpg 1024w, http:\/\/grupolindner.com.mx\/wp-content\/uploads\/2025\/06\/C1-300x225.jpg 300w, http:\/\/grupolindner.com.mx\/wp-content\/uploads\/2025\/06\/C1-768x576.jpg 768w, http:\/\/grupolindner.com.mx\/wp-content\/uploads\/2025\/06\/C1-1536x1152.jpg 1536w, http:\/\/grupolindner.com.mx\/wp-content\/uploads\/2025\/06\/C1-2048x1536.jpg 2048w\" sizes=\"(max-width: 1024px) 100vw, 1024px\" \/><figcaption class=\"wp-element-caption\">Para m\u00e1s detalle cont\u00e1ctanos a trav\u00e9s de nuestros correos electr\u00f3nicos<\/figcaption><\/figure>\n\n\n\n<figure class=\"wp-block-image size-large\"><a href=\"http:\/\/grupolindner.com.mx\/?page_id=84\"><img decoding=\"async\" width=\"1024\" height=\"768\" data-id=\"193\" src=\"http:\/\/grupolindner.com.mx\/wp-content\/uploads\/2025\/06\/C2-1024x768.jpg\" alt=\"\" class=\"wp-image-193\" srcset=\"http:\/\/grupolindner.com.mx\/wp-content\/uploads\/2025\/06\/C2-1024x768.jpg 1024w, http:\/\/grupolindner.com.mx\/wp-content\/uploads\/2025\/06\/C2-300x225.jpg 300w, http:\/\/grupolindner.com.mx\/wp-content\/uploads\/2025\/06\/C2-768x576.jpg 768w, http:\/\/grupolindner.com.mx\/wp-content\/uploads\/2025\/06\/C2-1536x1152.jpg 1536w, http:\/\/grupolindner.com.mx\/wp-content\/uploads\/2025\/06\/C2-2048x1536.jpg 2048w\" sizes=\"(max-width: 1024px) 100vw, 1024px\" \/><\/a><figcaption class=\"wp-element-caption\">Para m\u00e1s detalle cont\u00e1ctanos a trav\u00e9s de nuestros correos electr\u00f3nicos<\/figcaption><\/figure>\n\n\n\n<figure class=\"wp-block-image size-large\"><a href=\"http:\/\/grupolindner.com.mx\/?page_id=84\"><img decoding=\"async\" width=\"1024\" height=\"768\" data-id=\"194\" src=\"http:\/\/grupolindner.com.mx\/wp-content\/uploads\/2025\/06\/C3-1024x768.jpg\" alt=\"\" class=\"wp-image-194\" srcset=\"http:\/\/grupolindner.com.mx\/wp-content\/uploads\/2025\/06\/C3-1024x768.jpg 1024w, http:\/\/grupolindner.com.mx\/wp-content\/uploads\/2025\/06\/C3-300x225.jpg 300w, http:\/\/grupolindner.com.mx\/wp-content\/uploads\/2025\/06\/C3-768x576.jpg 768w, http:\/\/grupolindner.com.mx\/wp-content\/uploads\/2025\/06\/C3-1536x1152.jpg 1536w, http:\/\/grupolindner.com.mx\/wp-content\/uploads\/2025\/06\/C3-2048x1536.jpg 2048w\" sizes=\"(max-width: 1024px) 100vw, 1024px\" \/><\/a><figcaption class=\"wp-element-caption\">Para m\u00e1s detalle cont\u00e1ctanos a trav\u00e9s de nuestros correos electr\u00f3nicos<\/figcaption><\/figure>\n\n\n\n<figure class=\"wp-block-image size-large\"><a href=\"http:\/\/grupolindner.com.mx\/?page_id=84\"><img loading=\"lazy\" decoding=\"async\" width=\"1024\" height=\"768\" data-id=\"195\" src=\"http:\/\/grupolindner.com.mx\/wp-content\/uploads\/2025\/06\/C4-1024x768.jpg\" alt=\"\" class=\"wp-image-195\" srcset=\"http:\/\/grupolindner.com.mx\/wp-content\/uploads\/2025\/06\/C4-1024x768.jpg 1024w, http:\/\/grupolindner.com.mx\/wp-content\/uploads\/2025\/06\/C4-300x225.jpg 300w, http:\/\/grupolindner.com.mx\/wp-content\/uploads\/2025\/06\/C4-768x576.jpg 768w, http:\/\/grupolindner.com.mx\/wp-content\/uploads\/2025\/06\/C4-1536x1152.jpg 1536w, http:\/\/grupolindner.com.mx\/wp-content\/uploads\/2025\/06\/C4-2048x1536.jpg 2048w\" sizes=\"(max-width: 1024px) 100vw, 1024px\" \/><\/a><figcaption class=\"wp-element-caption\">Para m\u00e1s detalle cont\u00e1ctanos a trav\u00e9s de nuestros correos electr\u00f3nicos<\/figcaption><\/figure>\n\n\n\n<figure class=\"wp-block-image size-large\"><a href=\"http:\/\/grupolindner.com.mx\/?page_id=84\"><img loading=\"lazy\" decoding=\"async\" width=\"1024\" height=\"768\" data-id=\"196\" src=\"http:\/\/grupolindner.com.mx\/wp-content\/uploads\/2025\/06\/C5-1024x768.jpg\" alt=\"\" class=\"wp-image-196\" srcset=\"http:\/\/grupolindner.com.mx\/wp-content\/uploads\/2025\/06\/C5-1024x768.jpg 1024w, http:\/\/grupolindner.com.mx\/wp-content\/uploads\/2025\/06\/C5-300x225.jpg 300w, http:\/\/grupolindner.com.mx\/wp-content\/uploads\/2025\/06\/C5-768x576.jpg 768w, http:\/\/grupolindner.com.mx\/wp-content\/uploads\/2025\/06\/C5-1536x1152.jpg 1536w, http:\/\/grupolindner.com.mx\/wp-content\/uploads\/2025\/06\/C5-2048x1536.jpg 2048w\" sizes=\"(max-width: 1024px) 100vw, 1024px\" \/><\/a><figcaption class=\"wp-element-caption\">Para m\u00e1s detalle cont\u00e1ctanos a trav\u00e9s de nuestros correos electr\u00f3nicos<\/figcaption><\/figure>\n\n\n\n<figure class=\"wp-block-image size-large\"><a href=\"http:\/\/grupolindner.com.mx\/?page_id=84\"><img loading=\"lazy\" decoding=\"async\" width=\"1024\" height=\"768\" data-id=\"197\" src=\"http:\/\/grupolindner.com.mx\/wp-content\/uploads\/2025\/06\/C6-1024x768.jpg\" alt=\"\" class=\"wp-image-197\" srcset=\"http:\/\/grupolindner.com.mx\/wp-content\/uploads\/2025\/06\/C6-1024x768.jpg 1024w, http:\/\/grupolindner.com.mx\/wp-content\/uploads\/2025\/06\/C6-300x225.jpg 300w, http:\/\/grupolindner.com.mx\/wp-content\/uploads\/2025\/06\/C6-768x576.jpg 768w, http:\/\/grupolindner.com.mx\/wp-content\/uploads\/2025\/06\/C6-1536x1152.jpg 1536w, http:\/\/grupolindner.com.mx\/wp-content\/uploads\/2025\/06\/C6-2048x1536.jpg 2048w\" sizes=\"(max-width: 1024px) 100vw, 1024px\" \/><\/a><figcaption class=\"wp-element-caption\">Para m\u00e1s detalle cont\u00e1ctanos a trav\u00e9s de nuestros correos electr\u00f3nicos<\/figcaption><\/figure>\n<\/figure>\n","protected":false},"excerpt":{"rendered":"","protected":false},"author":1,"featured_media":0,"parent":0,"menu_order":0,"comment_status":"closed","ping_status":"closed","template":"","meta":{"_joinchat":[],"footnotes":""},"class_list":["post-171","page","type-page","status-publish","hentry"],"_links":{"self":[{"href":"http:\/\/grupolindner.com.mx\/index.php?rest_route=\/wp\/v2\/pages\/171","targetHints":{"allow":["GET"]}}],"collection":[{"href":"http:\/\/grupolindner.com.mx\/index.php?rest_route=\/wp\/v2\/pages"}],"about":[{"href":"http:\/\/grupolindner.com.mx\/index.php?rest_route=\/wp\/v2\/types\/page"}],"author":[{"embeddable":true,"href":"http:\/\/grupolindner.com.mx\/index.php?rest_route=\/wp\/v2\/users\/1"}],"replies":[{"embeddable":true,"href":"http:\/\/grupolindner.com.mx\/index.php?rest_route=%2Fwp%2Fv2%2Fcomments&post=171"}],"version-history":[{"count":4,"href":"http:\/\/grupolindner.com.mx\/index.php?rest_route=\/wp\/v2\/pages\/171\/revisions"}],"predecessor-version":[{"id":222,"href":"http:\/\/grupolindner.com.mx\/index.php?rest_route=\/wp\/v2\/pages\/171\/revisions\/222"}],"wp:attachment":[{"href":"http:\/\/grupolindner.com.mx\/index.php?rest_route=%2Fwp%2Fv2%2Fmedia&parent=171"}],"curies":[{"name":"wp","href":"https:\/\/api.w.org\/{rel}","templated":true}]}}